{"id":90,"date":"2024-07-31T12:11:18","date_gmt":"2024-07-31T10:11:18","guid":{"rendered":"https:\/\/tesseva.com\/gallizia\/?page_id=2"},"modified":"2024-09-17T12:50:08","modified_gmt":"2024-09-17T10:50:08","slug":"home","status":"publish","type":"page","link":"https:\/\/valerie-durand.com\/","title":{"rendered":"Home"},"content":{"rendered":"<p>150<br \/>\nhide<\/p>\n<p><img decoding=\"async\" src=\"https:\/\/valerie-durand.com\/wp-content\/uploads\/2024\/07\/valerie-durand-artiste.jpg\" alt=\"val\u00e9rie durand artiste peintre portraitiste\" \/><br \/>\nfull<br \/>\nhttps:\/\/valerie-durand.com\/wp-content\/uploads\/2024\/07\/valerie-durand-artiste.jpg<br \/>\n#f5f4f4<br \/>\ncover<br \/>\ntop center<br \/>\nrepeat<br \/>\nright<br \/>\nhide<br \/>\nzoomInUp<br \/>\n654ms<\/p>\n<p>100<br \/>\nhide<\/p>\n<h2>Val\u00e9rie Durand : L\\&rsquo;Art de Sublimer les Stars<\/h2>\n<p>\nVal\u00e9rie Durand, artiste peintre talentueuse et visionnaire, excelle dans l\\&rsquo;art de capturer l\\&rsquo;essence et les excentricit\u00e9s des c\u00e9l\u00e9brit\u00e9s sur ses toiles. Sa ma\u00eetrise in\u00e9gal\u00e9e de la peinture permet de r\u00e9v\u00e9ler toute la gamme des \u00e9motions, des forces et des paradoxes qui caract\u00e9risent ses sujets. De Mick Jagger \u00e0 Romy Schneider, chaque portrait est peint de mani\u00e8re saisissante, offrant une vision brute et intense des personnalit\u00e9s c\u00e9l\u00e8bres.<\/p>\n<p>Reconnue comme la peintre qui immortalise les stars pour la post\u00e9rit\u00e9, Val\u00e9rie Durand adopte une approche m\u00e9ticuleuse et r\u00e9fl\u00e9chie. Son processus cr\u00e9atif commence toujours par les yeux, cette fen\u00eatre vers l\\&rsquo;\u00e2me de ses mod\u00e8les. En reproduisant avec pr\u00e9cision l\\&rsquo;expression mythique et en accentuant certains traits plus que d\\&rsquo;autres, elle parvient \u00e0 faire ressortir le caract\u00e8re unique de chaque personnalit\u00e9, ainsi que celui du m\u00e9dium utilis\u00e9. C\\&rsquo;est ce secret qui donne \u00e0 ses toiles une authenticit\u00e9 et une vivacit\u00e9 incomparables.<\/p>\n<p>Les portraits de Val\u00e9rie se distinguent par leur ressemblance frappante, d\u00e9finis sur des fonds originaux et uniques. Elle utilise des techniques vari\u00e9es telles que la monochromie avec des touches de couleur parcimonieuse, l\\&#8217;emp\u00e2tement au couteau sur diff\u00e9rents supports tel que l\\&rsquo;aluminium bross\u00e9, les ailes d\\&rsquo;avion le verre, le bois &#8230; les aplats, et des jeux subtils entre opacit\u00e9 et brillance. Chaque \u0153uvre est un \u00e9quilibre d\u00e9licat de mati\u00e8re, de volumes et de traits, sublim\u00e9 par l\\&rsquo;amour universel que nous portons aux stars. Val\u00e9rie joue habilement sur le souvenir et l\\&rsquo;\u00e9motion que ces ic\u00f4nes suscitent en nous, permettant au public de reconna\u00eetre imm\u00e9diatement l\\&rsquo;acteur, le sportif ou la personnalit\u00e9 qui les a marqu\u00e9s.<\/p>\n<p><a href=\"https:\/\/valerie-durand.com\/index.php\/a-propos\/\">EN SAVOIR +<\/a><\/p>\n<p>\u00a0<br \/>\nhide<\/p>\n<p>80<br \/>\nhide<\/p>\n<p>Une invitation \u00e0 red\u00e9couvrir nos ic\u00f4nes sous un jour nouveau, \u00e0 travers les yeux de leur \u00e2me, et \u00e0 ressentir \u00e0 nouveau les \u00e9motions qui les ont rendues inoubliables.<br \/>\nhide<\/p>\n<p><img decoding=\"async\" src=\"https:\/\/valerie-durand.com\/wp-content\/uploads\/2024\/07\/Jean-Paul-Belmondo-peintureValerie-Durand.jpg\" alt=\"Jean-Paul Belmondo-peinture\" \/><br \/>\nhttps:\/\/valerie-durand.com\/wp-content\/uploads\/2024\/07\/Jean-paul-Belmondo-et-ValerieDurand.jpg<\/p>\n<h3>CIN\u00c9MAActeurs<\/h3>\n<p><a class=\"mfn-link mfn-link-1 \" href=\"\" style=\"\" data-hover=\"\" ontouchstart=\"this.classList.toggle('hover');\"  ><span data-hover=\"\"><\/span><\/a><br \/>\n<a href=\"https:\/\/valerie-durand.com\/index.php\/peintures-acteurs-actrices-scenes-de-films\/\">https:\/\/valerie-durand.com\/index.php\/peintures-acteurs-actrices-scenes-de-films\/<\/a><br \/>\n#0543ec<\/p>\n<p><img decoding=\"async\" src=\"https:\/\/valerie-durand.com\/wp-content\/uploads\/2024\/07\/maryline-monroe-peinture-Valerie-Durand.jpg\" alt=\"Maryline Monroe peinture\" \/><br \/>\nhttps:\/\/valerie-durand.com\/wp-content\/uploads\/2024\/07\/Maryline-peinture-Valerie-Durand-1.jpg<\/p>\n<h3>CINEMAActrices<\/h3>\n<p><a class=\"mfn-link mfn-link-1 \" href=\"\" style=\"\" data-hover=\"\" ontouchstart=\"this.classList.toggle('hover');\"  ><span data-hover=\"\"><\/span><\/a><br \/>\n<a href=\"https:\/\/valerie-durand.com\/index.php\/peintures-acteurs-actrices-scenes-de-films\/\">https:\/\/valerie-durand.com\/index.php\/peintures-acteurs-actrices-scenes-de-films\/<\/a><br \/>\n#000000<\/p>\n<p><img decoding=\"async\" src=\"https:\/\/valerie-durand.com\/wp-content\/uploads\/2024\/07\/Charles-Aznavour-peinture-Valerie-Durand.jpg\" alt=\"Charles Aznavour-peinture-Valerie Durand\" \/><br \/>\nhttps:\/\/valerie-durand.com\/wp-content\/uploads\/2024\/07\/Charles-aznavour-et-Valerie-Durand-peinture.jpg<\/p>\n<h3>MUSIQUE<\/h3>\n<p><a class=\"mfn-link mfn-link-1 \" href=\"\" style=\"\" data-hover=\"\" ontouchstart=\"this.classList.toggle('hover');\"  ><span data-hover=\"\"><\/span><\/a><br \/>\n<a href=\"https:\/\/valerie-durand.com\/index.php\/portraits-stars-de-la-musique\/\">https:\/\/valerie-durand.com\/index.php\/portraits-stars-de-la-musique\/<\/a><br \/>\n#000000<\/p>\n<p><img decoding=\"async\" src=\"https:\/\/valerie-durand.com\/wp-content\/uploads\/2024\/07\/borsalino-valerie-durand-accueil.jpg\" alt=\"borsalino-valerie-durand-\" \/><br \/>\nhttps:\/\/valerie-durand.com\/wp-content\/uploads\/2024\/07\/The-Artist-peinture-Valerie-Durand.jpg<\/p>\n<h3>Sc\u00e8nesde Films<\/h3>\n<p>&nbsp;<\/p>\n<p>\n<a class=\"mfn-link mfn-link-1 \" href=\"\" style=\"\" data-hover=\"\" ontouchstart=\"this.classList.toggle('hover');\"  ><span data-hover=\"\"><\/span><\/a> <br \/>\n<a href=\"https:\/\/valerie-durand.com\/index.php\/peintures-acteurs-actrices-scenes-de-films\/#scene\">https:\/\/valerie-durand.com\/index.php\/peintures-acteurs-actrices-scenes-de-films\/#scene<\/a><br \/>\n#000000<\/p>\n<p>\n<img decoding=\"async\" src=\"https:\/\/valerie-durand.com\/wp-content\/uploads\/2024\/07\/Grand-prix-monaco-F1-peinture-Valerie-Durand-2.jpg\" alt=\"Grand prix monaco F1-peinture\" \/><br \/>\nhttps:\/\/valerie-durand.com\/wp-content\/uploads\/2024\/07\/Esteban-OCON-F1.jpg<\/p>\n<h3>Le Monde de la F1<\/h3>\n<p>&nbsp;<\/p>\n<p>\n<a class=\"mfn-link mfn-link-1 \" href=\"\" style=\"\" data-hover=\"\" ontouchstart=\"this.classList.toggle('hover');\"  ><span data-hover=\"\"><\/span><\/a> <br \/>\n<a href=\"https:\/\/valerie-durand.com\/index.php\/portrait-de-pilotes-et-du-sport\/\">https:\/\/valerie-durand.com\/index.php\/portrait-de-pilotes-et-du-sport\/<\/a><br \/>\n#000000<br \/>\nbounceInRight<br \/>\n500ms<\/p>\n<p><img decoding=\"async\" src=\"https:\/\/valerie-durand.com\/wp-content\/uploads\/2024\/07\/Georges-Lucas-peinture-Valerie-Durand.jpg\" alt=\"artiste peintre portraitiste\" \/><br \/>\nhttps:\/\/valerie-durand.com\/wp-content\/uploads\/2024\/07\/avatar-peinture-valerie-Durand.jpg<\/p>\n<h3>BDAvatar &#8211; Lucas<\/h3>\n<p>&nbsp;<\/p>\n<p>\n<a class=\"mfn-link mfn-link-1 \" href=\"\" style=\"\" data-hover=\"\" ontouchstart=\"this.classList.toggle('hover');\"  ><span data-hover=\"\"><\/span><\/a> <br \/>\n<a href=\"https:\/\/valerie-durand.com\/index.php\/peintures-films-animation\/\">https:\/\/valerie-durand.com\/index.php\/peintures-films-animation\/<\/a><br \/>\n#000000<\/p>\n<p><img decoding=\"async\" src=\"https:\/\/valerie-durand.com\/wp-content\/uploads\/2024\/07\/peinture-carre-valerie-Durand-cheval.jpg\" alt=\"peinture animal Val\u00e9rie Durand-cheval\" \/><br \/>\nhttps:\/\/valerie-durand.com\/wp-content\/uploads\/2024\/07\/animalier-peinture-valerie-durand-accueil.jpg<\/p>\n<h3>ANIMAUX<\/h3>\n<p>&nbsp;<\/p>\n<p>\n<a class=\"mfn-link mfn-link-1 \" href=\"\" style=\"\" data-hover=\"\" ontouchstart=\"this.classList.toggle('hover');\"  ><span data-hover=\"\"><\/span><\/a> <br \/>\n<a href=\"https:\/\/valerie-durand.com\/index.php\/peintures-animalier\/\">https:\/\/valerie-durand.com\/index.php\/peintures-animalier\/<\/a><br \/>\n#000000<br \/>\nbounceInLeft<br \/>\n500ms<\/p>\n<p>60<br \/>\nhide<\/p>\n<p><img decoding=\"async\" src=\"https:\/\/valerie-durand.com\/wp-content\/uploads\/2024\/07\/VALERIEDURAND-LOGO-VFblanc-2.jpg\" alt=\"\" \/><br \/>\nfull<br \/>\ncontain<br \/>\ncenter center<br \/>\ncenter<br \/>\nhide<\/p>\n<p>art-gallery1-1-1<br \/>\ncustom<br \/>\n1920px<br \/>\ncustom<br \/>\n600px<br \/>\nhide<\/p>\n<p>Une journ\u00e9e avec Val\u00e9rie<br \/>\n<img decoding=\"async\" src=\"https:\/\/valerie-durand.com\/wp-content\/uploads\/2024\/08\/valerie-durand-artiste-play-posterise.png\" alt=\"artiste portraitiste\" \/><br \/>\n<a href=\"https:\/\/valerie-durand.com\/wp-content\/uploads\/2024\/08\/VALERIE-DURAND-4.mp4\">https:\/\/valerie-durand.com\/wp-content\/uploads\/2024\/08\/VALERIE-DURAND-4.mp4<\/a><br \/>\n#ffffff<br \/>\nhide<\/p>\n","protected":false},"excerpt":{"rendered":"<p>150 hide full https:\/\/valerie-durand.com\/wp-content\/uploads\/2024\/07\/valerie-durand-artiste.jpg #f5f4f4 cover top center repeat right hide zoomInUp 654ms 100 hide Val\u00e9rie Durand : L\\&rsquo;Art de Sublimer les Stars Val\u00e9rie Durand, artiste<span class=\"excerpt-hellip\"> [\u2026]<\/span><\/p>\n","protected":false},"author":1,"featured_media":0,"parent":0,"menu_order":0,"comment_status":"closed","ping_status":"closed","template":"","meta":{"footnotes":""},"class_list":["post-90","page","type-page","status-publish","hentry"],"yoast_head":"<!-- This site is optimized with the Yoast SEO Premium plugin v21.9 (Yoast SEO v21.9.1) - https:\/\/yoast.com\/wordpress\/plugins\/seo\/ -->\n<title>Val\u00e9rie Durand, artiste peintre portraitiste<\/title>\n<meta name=\"description\" content=\"L&#039;Art de Sublimer les Stars Val\u00e9rie Durand, artiste peintre portraitiste capture l&#039;essence et les excentricit\u00e9s des c\u00e9l\u00e9brit\u00e9s.\" \/>\n<meta name=\"robots\" content=\"index, follow, max-snippet:-1, max-image-preview:large, max-video-preview:-1\" \/>\n<link rel=\"canonical\" href=\"https:\/\/valerie-durand.com\/\" \/>\n<meta property=\"og:locale\" content=\"fr_FR\" \/>\n<meta property=\"og:type\" content=\"article\" \/>\n<meta property=\"og:title\" content=\"Home\" \/>\n<meta property=\"og:description\" content=\"L&#039;Art de Sublimer les Stars Val\u00e9rie Durand, artiste peintre portraitiste capture l&#039;essence et les excentricit\u00e9s des c\u00e9l\u00e9brit\u00e9s.\" \/>\n<meta property=\"og:url\" content=\"https:\/\/valerie-durand.com\/\" \/>\n<meta property=\"og:site_name\" content=\"VAL\u00c9RIE DURAND\" \/>\n<meta property=\"article:publisher\" content=\"https:\/\/www.facebook.com\/valerie.durand.tableaux\/?locale=fr_FR\" \/>\n<meta property=\"article:modified_time\" content=\"2024-09-17T10:50:08+00:00\" \/>\n<meta property=\"og:image\" content=\"https:\/\/valerie-durand.com\/wp-content\/uploads\/2024\/07\/valerie-durand-artiste.jpg\" \/>\n<meta name=\"twitter:card\" content=\"summary_large_image\" \/>\n<meta name=\"twitter:label1\" content=\"Est. reading time\" \/>\n\t<meta name=\"twitter:data1\" content=\"5 minutes\" \/>\n<script type=\"application\/ld+json\" class=\"yoast-schema-graph\">{\"@context\":\"https:\/\/schema.org\",\"@graph\":[{\"@type\":\"WebPage\",\"@id\":\"https:\/\/valerie-durand.com\/\",\"url\":\"https:\/\/valerie-durand.com\/\",\"name\":\"Val\u00e9rie Durand, artiste peintre portraitiste\",\"isPartOf\":{\"@id\":\"https:\/\/valerie-durand.com\/#website\"},\"datePublished\":\"2024-07-31T10:11:18+00:00\",\"dateModified\":\"2024-09-17T10:50:08+00:00\",\"description\":\"L'Art de Sublimer les Stars Val\u00e9rie Durand, artiste peintre portraitiste capture l'essence et les excentricit\u00e9s des c\u00e9l\u00e9brit\u00e9s.\",\"breadcrumb\":{\"@id\":\"https:\/\/valerie-durand.com\/#breadcrumb\"},\"inLanguage\":\"fr-FR\",\"potentialAction\":[{\"@type\":\"ReadAction\",\"target\":[\"https:\/\/valerie-durand.com\/\"]}]},{\"@type\":\"BreadcrumbList\",\"@id\":\"https:\/\/valerie-durand.com\/#breadcrumb\",\"itemListElement\":[{\"@type\":\"ListItem\",\"position\":1,\"name\":\"Home\",\"item\":\"https:\/\/valerie-durand.com\/\"},{\"@type\":\"ListItem\",\"position\":2,\"name\":\"Home\"}]},{\"@type\":\"WebSite\",\"@id\":\"https:\/\/valerie-durand.com\/#website\",\"url\":\"https:\/\/valerie-durand.com\/\",\"name\":\"VAL\u00c9RIE DURAND\",\"description\":\"Artiste Peintre Portraitiste\",\"publisher\":{\"@id\":\"https:\/\/valerie-durand.com\/#organization\"},\"potentialAction\":[{\"@type\":\"SearchAction\",\"target\":{\"@type\":\"EntryPoint\",\"urlTemplate\":\"https:\/\/valerie-durand.com\/?s={search_term_string}\"},\"query-input\":\"required name=search_term_string\"}],\"inLanguage\":\"fr-FR\"},{\"@type\":\"Organization\",\"@id\":\"https:\/\/valerie-durand.com\/#organization\",\"name\":\"VAL\u00c9RIE DURAND\",\"url\":\"https:\/\/valerie-durand.com\/\",\"logo\":{\"@type\":\"ImageObject\",\"inLanguage\":\"fr-FR\",\"@id\":\"https:\/\/valerie-durand.com\/#\/schema\/logo\/image\/\",\"url\":\"https:\/\/valerie-durand.com\/wp-content\/uploads\/2024\/07\/logo-fond-blanc-valerie-durand-grand.jpg\",\"contentUrl\":\"https:\/\/valerie-durand.com\/wp-content\/uploads\/2024\/07\/logo-fond-blanc-valerie-durand-grand.jpg\",\"width\":465,\"height\":295,\"caption\":\"VAL\u00c9RIE DURAND\"},\"image\":{\"@id\":\"https:\/\/valerie-durand.com\/#\/schema\/logo\/image\/\"},\"sameAs\":[\"https:\/\/www.facebook.com\/valerie.durand.tableaux\/?locale=fr_FR\",\"https:\/\/fr.linkedin.com\/in\/valrie-durand-0a7a7a42\",\"https:\/\/www.youtube.com\/watch?v=Z3NVeSPgSH4&t=51s\",\"https:\/\/www.artsper.com\/fr\/artistes-contemporains\/france\/17518\/valerie-durand\",\"https:\/\/fr.wikipedia.org\/wiki\/Valrie_Durand\"]}]}<\/script>\n<!-- \/ Yoast SEO Premium plugin. -->","yoast_head_json":{"title":"Val\u00e9rie Durand, artiste peintre portraitiste","description":"L'Art de Sublimer les Stars Val\u00e9rie Durand, artiste peintre portraitiste capture l'essence et les excentricit\u00e9s des c\u00e9l\u00e9brit\u00e9s.","robots":{"index":"index","follow":"follow","max-snippet":"max-snippet:-1","max-image-preview":"max-image-preview:large","max-video-preview":"max-video-preview:-1"},"canonical":"https:\/\/valerie-durand.com\/","og_locale":"fr_FR","og_type":"article","og_title":"Home","og_description":"L'Art de Sublimer les Stars Val\u00e9rie Durand, artiste peintre portraitiste capture l'essence et les excentricit\u00e9s des c\u00e9l\u00e9brit\u00e9s.","og_url":"https:\/\/valerie-durand.com\/","og_site_name":"VAL\u00c9RIE DURAND","article_publisher":"https:\/\/www.facebook.com\/valerie.durand.tableaux\/?locale=fr_FR","article_modified_time":"2024-09-17T10:50:08+00:00","og_image":[{"url":"https:\/\/valerie-durand.com\/wp-content\/uploads\/2024\/07\/valerie-durand-artiste.jpg"}],"twitter_card":"summary_large_image","twitter_misc":{"Est. reading time":"5 minutes"},"schema":{"@context":"https:\/\/schema.org","@graph":[{"@type":"WebPage","@id":"https:\/\/valerie-durand.com\/","url":"https:\/\/valerie-durand.com\/","name":"Val\u00e9rie Durand, artiste peintre portraitiste","isPartOf":{"@id":"https:\/\/valerie-durand.com\/#website"},"datePublished":"2024-07-31T10:11:18+00:00","dateModified":"2024-09-17T10:50:08+00:00","description":"L'Art de Sublimer les Stars Val\u00e9rie Durand, artiste peintre portraitiste capture l'essence et les excentricit\u00e9s des c\u00e9l\u00e9brit\u00e9s.","breadcrumb":{"@id":"https:\/\/valerie-durand.com\/#breadcrumb"},"inLanguage":"fr-FR","potentialAction":[{"@type":"ReadAction","target":["https:\/\/valerie-durand.com\/"]}]},{"@type":"BreadcrumbList","@id":"https:\/\/valerie-durand.com\/#breadcrumb","itemListElement":[{"@type":"ListItem","position":1,"name":"Home","item":"https:\/\/valerie-durand.com\/"},{"@type":"ListItem","position":2,"name":"Home"}]},{"@type":"WebSite","@id":"https:\/\/valerie-durand.com\/#website","url":"https:\/\/valerie-durand.com\/","name":"VAL\u00c9RIE DURAND","description":"Artiste Peintre Portraitiste","publisher":{"@id":"https:\/\/valerie-durand.com\/#organization"},"potentialAction":[{"@type":"SearchAction","target":{"@type":"EntryPoint","urlTemplate":"https:\/\/valerie-durand.com\/?s={search_term_string}"},"query-input":"required name=search_term_string"}],"inLanguage":"fr-FR"},{"@type":"Organization","@id":"https:\/\/valerie-durand.com\/#organization","name":"VAL\u00c9RIE DURAND","url":"https:\/\/valerie-durand.com\/","logo":{"@type":"ImageObject","inLanguage":"fr-FR","@id":"https:\/\/valerie-durand.com\/#\/schema\/logo\/image\/","url":"https:\/\/valerie-durand.com\/wp-content\/uploads\/2024\/07\/logo-fond-blanc-valerie-durand-grand.jpg","contentUrl":"https:\/\/valerie-durand.com\/wp-content\/uploads\/2024\/07\/logo-fond-blanc-valerie-durand-grand.jpg","width":465,"height":295,"caption":"VAL\u00c9RIE DURAND"},"image":{"@id":"https:\/\/valerie-durand.com\/#\/schema\/logo\/image\/"},"sameAs":["https:\/\/www.facebook.com\/valerie.durand.tableaux\/?locale=fr_FR","https:\/\/fr.linkedin.com\/in\/valrie-durand-0a7a7a42","https:\/\/www.youtube.com\/watch?v=Z3NVeSPgSH4&t=51s","https:\/\/www.artsper.com\/fr\/artistes-contemporains\/france\/17518\/valerie-durand","https:\/\/fr.wikipedia.org\/wiki\/Valrie_Durand"]}]}},"_links":{"self":[{"href":"https:\/\/valerie-durand.com\/index.php\/wp-json\/wp\/v2\/pages\/90","targetHints":{"allow":["GET"]}}],"collection":[{"href":"https:\/\/valerie-durand.com\/index.php\/wp-json\/wp\/v2\/pages"}],"about":[{"href":"https:\/\/valerie-durand.com\/index.php\/wp-json\/wp\/v2\/types\/page"}],"author":[{"embeddable":true,"href":"https:\/\/valerie-durand.com\/index.php\/wp-json\/wp\/v2\/users\/1"}],"replies":[{"embeddable":true,"href":"https:\/\/valerie-durand.com\/index.php\/wp-json\/wp\/v2\/comments?post=90"}],"version-history":[{"count":6,"href":"https:\/\/valerie-durand.com\/index.php\/wp-json\/wp\/v2\/pages\/90\/revisions"}],"predecessor-version":[{"id":435,"href":"https:\/\/valerie-durand.com\/index.php\/wp-json\/wp\/v2\/pages\/90\/revisions\/435"}],"wp:attachment":[{"href":"https:\/\/valerie-durand.com\/index.php\/wp-json\/wp\/v2\/media?parent=90"}],"curies":[{"name":"wp","href":"https:\/\/api.w.org\/{rel}","templated":true}]}}